{"id":16922,"date":"2024-07-01T07:48:53","date_gmt":"2024-07-01T05:48:53","guid":{"rendered":"https:\/\/tiba.ch\/?post_type=beitraege&#038;p=16922"},"modified":"2024-07-01T07:52:09","modified_gmt":"2024-07-01T05:52:09","slug":"fermeture-annuelle-2024","status":"publish","type":"beitraege","link":"https:\/\/tiba.ch\/fr\/beitraege\/fermeture-annuelle-2024\/","title":{"rendered":"Fermeture annuelle 2024"},"content":{"rendered":"<p>Tiba prend deux semaines de vacances. Du <strong>20.07.2024 au 04.08.2024<\/strong>, la production sera <strong>ferm\u00e9e<\/strong>, la vente et le service client\u00e8le sont en <strong>service r\u00e9duit<\/strong>.<\/p>\n<p><strong>L&#8217;exposition<\/strong> est en outre <strong>ferm\u00e9e<\/strong> les samedis suivants:<\/p>\n<p><strong>20.07.2024 Exposition ferm\u00e9e<\/strong><\/p>\n<p><strong>27.07.2024 Exposition ferm\u00e9e<\/strong><\/p>\n<p><strong>03.08.2024 Exposition ferm\u00e9e<\/strong><\/p>\n<p>A partir du <strong>05.08.2024<\/strong>, nous serons \u00e0 nouveau l\u00e0 pour vous en service r\u00e9gulier. Nous vous remercions de votre compr\u00e9hension et vous souhaitons \u00e0 tous un bel \u00e9t\u00e9!<\/p>\n","protected":false},"template":"","meta":{"_acf_changed":false,"inline_featured_image":false,"_monsterinsights_skip_tracking":false,"_monsterinsights_sitenote_active":false,"_monsterinsights_sitenote_note":"","_monsterinsights_sitenote_category":0,"_links_to":"","_links_to_target":""},"class_list":["post-16922","beitraege","type-beitraege","status-publish","hentry","kategorien-actualites"],"acf":{"top":"ja","video-icon":false,"produktkategorie":false,"bild_fur_ubersicht":{"url":"https:\/\/tiba.ch\/wp-content\/uploads\/2022\/12\/Tiba_AG_Gebaeude_Liestal_2022_1-846x565.jpg","width":846,"height":565,"alt":""},"bild_des_produkts":{"url":null,"width":null,"height":null,"alt":false},"slider_bild":"img","einzelbild":{"url":"https:\/\/tiba.ch\/wp-content\/uploads\/2022\/05\/Tiba_Neubau_Einladung_Partneranlass.jpg","width":575,"height":323,"alt":""},"slider":null,"grosse":"col-4","bildposition":"img-top","untertitel":"Fonctionnement r\u00e9duit du 20.07.2024 au 04.08.2024","einleitung":"Pendant la fermeture annuelle, la production est ferm\u00e9e. Les services de vente et d'apr\u00e8s-vente sont en service r\u00e9duit pendant cette p\u00e9riode."},"yoast_head":"<!-- This site is optimized with the Yoast SEO plugin v27.5 - https:\/\/yoast.com\/product\/yoast-seo-wordpress\/ -->\n<title>Fermeture annuelle 2024 - Tiba AG \u2013 Innovative Heizsysteme, Herde und \u00d6fen<\/title>\n<meta name=\"robots\" content=\"index, follow, max-snippet:-1, max-image-preview:large, max-video-preview:-1\" \/>\n<link rel=\"canonical\" href=\"https:\/\/tiba.ch\/fr\/beitraege\/fermeture-annuelle-2024\/\" \/>\n<meta property=\"og:locale\" content=\"fr_FR\" \/>\n<meta property=\"og:type\" content=\"article\" \/>\n<meta property=\"og:title\" content=\"Fermeture annuelle 2024 - Tiba AG \u2013 Innovative Heizsysteme, Herde und \u00d6fen\" \/>\n<meta property=\"og:description\" content=\"Tiba prend deux semaines de vacances. Du 20.07.2024 au 04.08.2024, la production sera ferm\u00e9e, la vente et le service client\u00e8le sont en service r\u00e9duit. L&#8217;exposition est en outre ferm\u00e9e les samedis suivants: 20.07.2024 Exposition ferm\u00e9e 27.07.2024 Exposition ferm\u00e9e 03.08.2024 Exposition ferm\u00e9e A partir du 05.08.2024, nous serons \u00e0 nouveau l\u00e0 pour vous en service r\u00e9gulier. [&hellip;]\" \/>\n<meta property=\"og:url\" content=\"https:\/\/tiba.ch\/fr\/beitraege\/fermeture-annuelle-2024\/\" \/>\n<meta property=\"og:site_name\" content=\"Tiba AG \u2013 Innovative Heizsysteme, Herde und \u00d6fen\" \/>\n<meta property=\"article:modified_time\" content=\"2024-07-01T05:52:09+00:00\" \/>\n<meta name=\"twitter:card\" content=\"summary_large_image\" \/>\n<meta name=\"twitter:label1\" content=\"Dur\u00e9e de lecture estim\u00e9e\" \/>\n\t<meta name=\"twitter:data1\" content=\"1 minute\" \/>\n<script type=\"application\/ld+json\" class=\"yoast-schema-graph\">{\"@context\":\"https:\\\/\\\/schema.org\",\"@graph\":[{\"@type\":\"WebPage\",\"@id\":\"https:\\\/\\\/tiba.ch\\\/fr\\\/beitraege\\\/fermeture-annuelle-2024\\\/\",\"url\":\"https:\\\/\\\/tiba.ch\\\/fr\\\/beitraege\\\/fermeture-annuelle-2024\\\/\",\"name\":\"Fermeture annuelle 2024 - Tiba AG \u2013 Innovative Heizsysteme, Herde und \u00d6fen\",\"isPartOf\":{\"@id\":\"https:\\\/\\\/tiba.ch\\\/fr\\\/#website\"},\"datePublished\":\"2024-07-01T05:48:53+00:00\",\"dateModified\":\"2024-07-01T05:52:09+00:00\",\"breadcrumb\":{\"@id\":\"https:\\\/\\\/tiba.ch\\\/fr\\\/beitraege\\\/fermeture-annuelle-2024\\\/#breadcrumb\"},\"inLanguage\":\"fr-FR\",\"potentialAction\":[{\"@type\":\"ReadAction\",\"target\":[\"https:\\\/\\\/tiba.ch\\\/fr\\\/beitraege\\\/fermeture-annuelle-2024\\\/\"]}]},{\"@type\":\"BreadcrumbList\",\"@id\":\"https:\\\/\\\/tiba.ch\\\/fr\\\/beitraege\\\/fermeture-annuelle-2024\\\/#breadcrumb\",\"itemListElement\":[{\"@type\":\"ListItem\",\"position\":1,\"name\":\"Startseite\",\"item\":\"https:\\\/\\\/tiba.ch\\\/fr\\\/\"},{\"@type\":\"ListItem\",\"position\":2,\"name\":\"Fermeture annuelle 2024\"}]},{\"@type\":\"WebSite\",\"@id\":\"https:\\\/\\\/tiba.ch\\\/fr\\\/#website\",\"url\":\"https:\\\/\\\/tiba.ch\\\/fr\\\/\",\"name\":\"Tiba AG \u2013 Innovative Heizsysteme, Herde und \u00d6fen\",\"description\":\"Wir stehen f\u00fcr kompromisslose Qualit\u00e4t, Innovation und elegantes Design \u00abMade in Switzerland\u00bb \u2013 seit \u00fcber 100 Jahren.\",\"potentialAction\":[{\"@type\":\"SearchAction\",\"target\":{\"@type\":\"EntryPoint\",\"urlTemplate\":\"https:\\\/\\\/tiba.ch\\\/fr\\\/?s={search_term_string}\"},\"query-input\":{\"@type\":\"PropertyValueSpecification\",\"valueRequired\":true,\"valueName\":\"search_term_string\"}}],\"inLanguage\":\"fr-FR\"}]}<\/script>\n<!-- \/ Yoast SEO plugin. -->","yoast_head_json":{"title":"Fermeture annuelle 2024 - Tiba AG \u2013 Innovative Heizsysteme, Herde und \u00d6fen","robots":{"index":"index","follow":"follow","max-snippet":"max-snippet:-1","max-image-preview":"max-image-preview:large","max-video-preview":"max-video-preview:-1"},"canonical":"https:\/\/tiba.ch\/fr\/beitraege\/fermeture-annuelle-2024\/","og_locale":"fr_FR","og_type":"article","og_title":"Fermeture annuelle 2024 - Tiba AG \u2013 Innovative Heizsysteme, Herde und \u00d6fen","og_description":"Tiba prend deux semaines de vacances. Du 20.07.2024 au 04.08.2024, la production sera ferm\u00e9e, la vente et le service client\u00e8le sont en service r\u00e9duit. L&#8217;exposition est en outre ferm\u00e9e les samedis suivants: 20.07.2024 Exposition ferm\u00e9e 27.07.2024 Exposition ferm\u00e9e 03.08.2024 Exposition ferm\u00e9e A partir du 05.08.2024, nous serons \u00e0 nouveau l\u00e0 pour vous en service r\u00e9gulier. [&hellip;]","og_url":"https:\/\/tiba.ch\/fr\/beitraege\/fermeture-annuelle-2024\/","og_site_name":"Tiba AG \u2013 Innovative Heizsysteme, Herde und \u00d6fen","article_modified_time":"2024-07-01T05:52:09+00:00","twitter_card":"summary_large_image","twitter_misc":{"Dur\u00e9e de lecture estim\u00e9e":"1 minute"},"schema":{"@context":"https:\/\/schema.org","@graph":[{"@type":"WebPage","@id":"https:\/\/tiba.ch\/fr\/beitraege\/fermeture-annuelle-2024\/","url":"https:\/\/tiba.ch\/fr\/beitraege\/fermeture-annuelle-2024\/","name":"Fermeture annuelle 2024 - Tiba AG \u2013 Innovative Heizsysteme, Herde und \u00d6fen","isPartOf":{"@id":"https:\/\/tiba.ch\/fr\/#website"},"datePublished":"2024-07-01T05:48:53+00:00","dateModified":"2024-07-01T05:52:09+00:00","breadcrumb":{"@id":"https:\/\/tiba.ch\/fr\/beitraege\/fermeture-annuelle-2024\/#breadcrumb"},"inLanguage":"fr-FR","potentialAction":[{"@type":"ReadAction","target":["https:\/\/tiba.ch\/fr\/beitraege\/fermeture-annuelle-2024\/"]}]},{"@type":"BreadcrumbList","@id":"https:\/\/tiba.ch\/fr\/beitraege\/fermeture-annuelle-2024\/#breadcrumb","itemListElement":[{"@type":"ListItem","position":1,"name":"Startseite","item":"https:\/\/tiba.ch\/fr\/"},{"@type":"ListItem","position":2,"name":"Fermeture annuelle 2024"}]},{"@type":"WebSite","@id":"https:\/\/tiba.ch\/fr\/#website","url":"https:\/\/tiba.ch\/fr\/","name":"Tiba AG \u2013 Innovative Heizsysteme, Herde und \u00d6fen","description":"Wir stehen f\u00fcr kompromisslose Qualit\u00e4t, Innovation und elegantes Design \u00abMade in Switzerland\u00bb \u2013 seit \u00fcber 100 Jahren.","potentialAction":[{"@type":"SearchAction","target":{"@type":"EntryPoint","urlTemplate":"https:\/\/tiba.ch\/fr\/?s={search_term_string}"},"query-input":{"@type":"PropertyValueSpecification","valueRequired":true,"valueName":"search_term_string"}}],"inLanguage":"fr-FR"}]}},"_links":{"self":[{"href":"https:\/\/tiba.ch\/fr\/wp-json\/wp\/v2\/beitraege\/16922","targetHints":{"allow":["GET"]}}],"collection":[{"href":"https:\/\/tiba.ch\/fr\/wp-json\/wp\/v2\/beitraege"}],"about":[{"href":"https:\/\/tiba.ch\/fr\/wp-json\/wp\/v2\/types\/beitraege"}],"wp:attachment":[{"href":"https:\/\/tiba.ch\/fr\/wp-json\/wp\/v2\/media?parent=16922"}],"curies":[{"name":"wp","href":"https:\/\/api.w.org\/{rel}","templated":true}]}}

<p>Tiba prend deux semaines de vacances. Du <strong>20.07.2024 au 04.08.2024</strong>, la production sera <strong>fermée</strong>, la vente et le service clientèle sont en <strong>service réduit</strong>.</p>
<p><strong>L&#8217;exposition</strong> est en outre <strong>fermée</strong> les samedis suivants:</p>
<p><strong>20.07.2024 Exposition fermée</strong></p>
<p><strong>27.07.2024 Exposition fermée</strong></p>
<p><strong>03.08.2024 Exposition fermée</strong></p>
<p>A partir du <strong>05.08.2024</strong>, nous serons à nouveau là pour vous en service régulier. Nous vous remercions de votre compréhension et vous souhaitons à tous un bel été!</p>

Fonctionnement réduit du 20.07.2024 au 04.08.2024

Pendant la fermeture annuelle, la production est fermée. Les services de vente et d'après-vente sont en service réduit pendant cette période.

<!-- This site is optimized with the Yoast SEO plugin v27.5 - https://yoast.com/product/yoast-seo-wordpress/ -->
<title>Fermeture annuelle 2024 - Tiba AG – Innovative Heizsysteme, Herde und Öfen</title>
<meta name="robots" content="index, follow, max-snippet:-1, max-image-preview:large, max-video-preview:-1" />
<link rel="canonical" href="https://tiba.ch/fr/beitraege/fermeture-annuelle-2024/" />
<meta property="og:locale" content="fr_FR" />
<meta property="og:type" content="article" />
<meta property="og:title" content="Fermeture annuelle 2024 - Tiba AG – Innovative Heizsysteme, Herde und Öfen" />
<meta property="og:description" content="Tiba prend deux semaines de vacances. Du 20.07.2024 au 04.08.2024, la production sera fermée, la vente et le service clientèle sont en service réduit. L&#8217;exposition est en outre fermée les samedis suivants: 20.07.2024 Exposition fermée 27.07.2024 Exposition fermée 03.08.2024 Exposition fermée A partir du 05.08.2024, nous serons à nouveau là pour vous en service régulier. [&hellip;]" />
<meta property="og:url" content="https://tiba.ch/fr/beitraege/fermeture-annuelle-2024/" />
<meta property="og:site_name" content="Tiba AG – Innovative Heizsysteme, Herde und Öfen" />
<meta property="article:modified_time" content="2024-07-01T05:52:09+00:00" />
<meta name="twitter:card" content="summary_large_image" />
<meta name="twitter:label1" content="Durée de lecture estimée" />
	<meta name="twitter:data1" content="1 minute" />
<script type="application/ld+json" class="yoast-schema-graph">{"@context":"https:\/\/schema.org","@graph":[{"@type":"WebPage","@id":"https:\/\/tiba.ch\/fr\/beitraege\/fermeture-annuelle-2024\/","url":"https:\/\/tiba.ch\/fr\/beitraege\/fermeture-annuelle-2024\/","name":"Fermeture annuelle 2024 - Tiba AG – Innovative Heizsysteme, Herde und Öfen","isPartOf":{"@id":"https:\/\/tiba.ch\/fr\/#website"},"datePublished":"2024-07-01T05:48:53+00:00","dateModified":"2024-07-01T05:52:09+00:00","breadcrumb":{"@id":"https:\/\/tiba.ch\/fr\/beitraege\/fermeture-annuelle-2024\/#breadcrumb"},"inLanguage":"fr-FR","potentialAction":[{"@type":"ReadAction","target":["https:\/\/tiba.ch\/fr\/beitraege\/fermeture-annuelle-2024\/"]}]},{"@type":"BreadcrumbList","@id":"https:\/\/tiba.ch\/fr\/beitraege\/fermeture-annuelle-2024\/#breadcrumb","itemListElement":[{"@type":"ListItem","position":1,"name":"Startseite","item":"https:\/\/tiba.ch\/fr\/"},{"@type":"ListItem","position":2,"name":"Fermeture annuelle 2024"}]},{"@type":"WebSite","@id":"https:\/\/tiba.ch\/fr\/#website","url":"https:\/\/tiba.ch\/fr\/","name":"Tiba AG – Innovative Heizsysteme, Herde und Öfen","description":"Wir stehen für kompromisslose Qualität, Innovation und elegantes Design «Made in Switzerland» – seit über 100 Jahren.","potentialAction":[{"@type":"SearchAction","target":{"@type":"EntryPoint","urlTemplate":"https:\/\/tiba.ch\/fr\/?s={search_term_string}"},"query-input":{"@type":"PropertyValueSpecification","valueRequired":true,"valueName":"search_term_string"}}],"inLanguage":"fr-FR"}]}</script>
<!-- / Yoast SEO plugin. -->

Fermeture annuelle 2024 - Tiba AG – Innovative Heizsysteme, Herde und Öfen

Tiba prend deux semaines de vacances. Du 20.07.2024 au 04.08.2024, la production sera fermée, la vente et le service clientèle sont en service réduit. L&#8217;exposition est en outre fermée les samedis suivants: 20.07.2024 Exposition fermée 27.07.2024 Exposition fermée 03.08.2024 Exposition fermée A partir du 05.08.2024, nous serons à nouveau là pour vous en service régulier. [&hellip;]

Tiba AG – Innovative Heizsysteme, Herde und Öfen

Wir stehen für kompromisslose Qualität, Innovation und elegantes Design «Made in Switzerland» – seit über 100 Jahren.
