{"id":3448,"date":"2019-06-26T09:09:14","date_gmt":"2019-06-26T09:09:14","guid":{"rendered":"https:\/\/tiba.ch\/beitraege\/neuheit-der-t-two-speicherofen\/"},"modified":"2019-09-04T13:25:18","modified_gmt":"2019-09-04T11:25:18","slug":"neuheit-der-t-two-speicherofen","status":"publish","type":"beitraege","link":"https:\/\/tiba.ch\/fr\/beitraege\/neuheit-der-t-two-speicherofen\/","title":{"rendered":"T-TWO &#8211; Le po\u00eale \u00e0 accumulation"},"content":{"rendered":"<p>Apr\u00e8s 20 ans et plus de 13\u2019000 exemplaires vendus, le pionier des po\u00eales T- ONE m\u00e9rite sa retrait. Son successeur, le T-TWO est une nouvelle cr\u00e9ation \u00e9labor\u00e9e en collaboration avec Wolfram Designe.<\/p>\n","protected":false},"template":"","meta":{"_acf_changed":false,"inline_featured_image":false,"_monsterinsights_skip_tracking":false,"_monsterinsights_sitenote_active":false,"_monsterinsights_sitenote_note":"","_monsterinsights_sitenote_category":0,"_links_to":"","_links_to_target":""},"class_list":["post-3448","beitraege","type-beitraege","status-publish","hentry","kategorien-actualites"],"acf":{"top":"ja","video-icon":false,"produktkategorie":false,"bild_fur_ubersicht":{"url":"https:\/\/tiba.ch\/wp-content\/uploads\/2019\/06\/t2_fr-846x565.jpg","width":846,"height":565,"alt":""},"bild_des_produkts":{"url":null,"width":null,"height":null,"alt":false},"slider_bild":"img","einzelbild":{"url":"https:\/\/tiba.ch\/wp-content\/uploads\/2019\/06\/t2_fr-846x565.jpg","width":846,"height":565,"alt":""},"slider":null,"grosse":"col-4","bildposition":"img-top","untertitel":"Le po\u00eale \u00e0 accumulation  2.0","einleitung":"Apr\u00e8s 20 ans et plus de 13\u2019000 exemplaires vendus, le pionier des po\u00eales T- ONE m\u00e9rite sa retrait."},"yoast_head":"<!-- This site is optimized with the Yoast SEO plugin v27.5 - https:\/\/yoast.com\/product\/yoast-seo-wordpress\/ -->\n<title>T-TWO - Le po\u00eale \u00e0 accumulation - Tiba AG \u2013 Innovative Heizsysteme, Herde und \u00d6fen<\/title>\n<meta name=\"robots\" content=\"index, follow, max-snippet:-1, max-image-preview:large, max-video-preview:-1\" \/>\n<link rel=\"canonical\" href=\"https:\/\/tiba.ch\/fr\/beitraege\/neuheit-der-t-two-speicherofen\/\" \/>\n<meta property=\"og:locale\" content=\"fr_FR\" \/>\n<meta property=\"og:type\" content=\"article\" \/>\n<meta property=\"og:title\" content=\"T-TWO - Le po\u00eale \u00e0 accumulation - Tiba AG \u2013 Innovative Heizsysteme, Herde und \u00d6fen\" \/>\n<meta property=\"og:description\" content=\"Apr\u00e8s 20 ans et plus de 13\u2019000 exemplaires vendus, le pionier des po\u00eales T- ONE m\u00e9rite sa retrait. Son successeur, le T-TWO est une nouvelle cr\u00e9ation \u00e9labor\u00e9e en collaboration avec Wolfram Designe.\" \/>\n<meta property=\"og:url\" content=\"https:\/\/tiba.ch\/fr\/beitraege\/neuheit-der-t-two-speicherofen\/\" \/>\n<meta property=\"og:site_name\" content=\"Tiba AG \u2013 Innovative Heizsysteme, Herde und \u00d6fen\" \/>\n<meta property=\"article:modified_time\" content=\"2019-09-04T11:25:18+00:00\" \/>\n<meta name=\"twitter:card\" content=\"summary_large_image\" \/>\n<script type=\"application\/ld+json\" class=\"yoast-schema-graph\">{\"@context\":\"https:\\\/\\\/schema.org\",\"@graph\":[{\"@type\":\"WebPage\",\"@id\":\"https:\\\/\\\/tiba.ch\\\/fr\\\/beitraege\\\/neuheit-der-t-two-speicherofen\\\/\",\"url\":\"https:\\\/\\\/tiba.ch\\\/fr\\\/beitraege\\\/neuheit-der-t-two-speicherofen\\\/\",\"name\":\"T-TWO - Le po\u00eale \u00e0 accumulation - Tiba AG \u2013 Innovative Heizsysteme, Herde und \u00d6fen\",\"isPartOf\":{\"@id\":\"https:\\\/\\\/tiba.ch\\\/fr\\\/#website\"},\"datePublished\":\"2019-06-26T09:09:14+00:00\",\"dateModified\":\"2019-09-04T11:25:18+00:00\",\"breadcrumb\":{\"@id\":\"https:\\\/\\\/tiba.ch\\\/fr\\\/beitraege\\\/neuheit-der-t-two-speicherofen\\\/#breadcrumb\"},\"inLanguage\":\"fr-FR\",\"potentialAction\":[{\"@type\":\"ReadAction\",\"target\":[\"https:\\\/\\\/tiba.ch\\\/fr\\\/beitraege\\\/neuheit-der-t-two-speicherofen\\\/\"]}]},{\"@type\":\"BreadcrumbList\",\"@id\":\"https:\\\/\\\/tiba.ch\\\/fr\\\/beitraege\\\/neuheit-der-t-two-speicherofen\\\/#breadcrumb\",\"itemListElement\":[{\"@type\":\"ListItem\",\"position\":1,\"name\":\"Startseite\",\"item\":\"https:\\\/\\\/tiba.ch\\\/fr\\\/\"},{\"@type\":\"ListItem\",\"position\":2,\"name\":\"T-TWO &#8211; Le po\u00eale \u00e0 accumulation\"}]},{\"@type\":\"WebSite\",\"@id\":\"https:\\\/\\\/tiba.ch\\\/fr\\\/#website\",\"url\":\"https:\\\/\\\/tiba.ch\\\/fr\\\/\",\"name\":\"Tiba AG \u2013 Innovative Heizsysteme, Herde und \u00d6fen\",\"description\":\"Wir stehen f\u00fcr kompromisslose Qualit\u00e4t, Innovation und elegantes Design \u00abMade in Switzerland\u00bb \u2013 seit \u00fcber 100 Jahren.\",\"potentialAction\":[{\"@type\":\"SearchAction\",\"target\":{\"@type\":\"EntryPoint\",\"urlTemplate\":\"https:\\\/\\\/tiba.ch\\\/fr\\\/?s={search_term_string}\"},\"query-input\":{\"@type\":\"PropertyValueSpecification\",\"valueRequired\":true,\"valueName\":\"search_term_string\"}}],\"inLanguage\":\"fr-FR\"}]}<\/script>\n<!-- \/ Yoast SEO plugin. -->","yoast_head_json":{"title":"T-TWO - Le po\u00eale \u00e0 accumulation - Tiba AG \u2013 Innovative Heizsysteme, Herde und \u00d6fen","robots":{"index":"index","follow":"follow","max-snippet":"max-snippet:-1","max-image-preview":"max-image-preview:large","max-video-preview":"max-video-preview:-1"},"canonical":"https:\/\/tiba.ch\/fr\/beitraege\/neuheit-der-t-two-speicherofen\/","og_locale":"fr_FR","og_type":"article","og_title":"T-TWO - Le po\u00eale \u00e0 accumulation - Tiba AG \u2013 Innovative Heizsysteme, Herde und \u00d6fen","og_description":"Apr\u00e8s 20 ans et plus de 13\u2019000 exemplaires vendus, le pionier des po\u00eales T- ONE m\u00e9rite sa retrait. Son successeur, le T-TWO est une nouvelle cr\u00e9ation \u00e9labor\u00e9e en collaboration avec Wolfram Designe.","og_url":"https:\/\/tiba.ch\/fr\/beitraege\/neuheit-der-t-two-speicherofen\/","og_site_name":"Tiba AG \u2013 Innovative Heizsysteme, Herde und \u00d6fen","article_modified_time":"2019-09-04T11:25:18+00:00","twitter_card":"summary_large_image","schema":{"@context":"https:\/\/schema.org","@graph":[{"@type":"WebPage","@id":"https:\/\/tiba.ch\/fr\/beitraege\/neuheit-der-t-two-speicherofen\/","url":"https:\/\/tiba.ch\/fr\/beitraege\/neuheit-der-t-two-speicherofen\/","name":"T-TWO - Le po\u00eale \u00e0 accumulation - Tiba AG \u2013 Innovative Heizsysteme, Herde und \u00d6fen","isPartOf":{"@id":"https:\/\/tiba.ch\/fr\/#website"},"datePublished":"2019-06-26T09:09:14+00:00","dateModified":"2019-09-04T11:25:18+00:00","breadcrumb":{"@id":"https:\/\/tiba.ch\/fr\/beitraege\/neuheit-der-t-two-speicherofen\/#breadcrumb"},"inLanguage":"fr-FR","potentialAction":[{"@type":"ReadAction","target":["https:\/\/tiba.ch\/fr\/beitraege\/neuheit-der-t-two-speicherofen\/"]}]},{"@type":"BreadcrumbList","@id":"https:\/\/tiba.ch\/fr\/beitraege\/neuheit-der-t-two-speicherofen\/#breadcrumb","itemListElement":[{"@type":"ListItem","position":1,"name":"Startseite","item":"https:\/\/tiba.ch\/fr\/"},{"@type":"ListItem","position":2,"name":"T-TWO &#8211; Le po\u00eale \u00e0 accumulation"}]},{"@type":"WebSite","@id":"https:\/\/tiba.ch\/fr\/#website","url":"https:\/\/tiba.ch\/fr\/","name":"Tiba AG \u2013 Innovative Heizsysteme, Herde und \u00d6fen","description":"Wir stehen f\u00fcr kompromisslose Qualit\u00e4t, Innovation und elegantes Design \u00abMade in Switzerland\u00bb \u2013 seit \u00fcber 100 Jahren.","potentialAction":[{"@type":"SearchAction","target":{"@type":"EntryPoint","urlTemplate":"https:\/\/tiba.ch\/fr\/?s={search_term_string}"},"query-input":{"@type":"PropertyValueSpecification","valueRequired":true,"valueName":"search_term_string"}}],"inLanguage":"fr-FR"}]}},"_links":{"self":[{"href":"https:\/\/tiba.ch\/fr\/wp-json\/wp\/v2\/beitraege\/3448","targetHints":{"allow":["GET"]}}],"collection":[{"href":"https:\/\/tiba.ch\/fr\/wp-json\/wp\/v2\/beitraege"}],"about":[{"href":"https:\/\/tiba.ch\/fr\/wp-json\/wp\/v2\/types\/beitraege"}],"wp:attachment":[{"href":"https:\/\/tiba.ch\/fr\/wp-json\/wp\/v2\/media?parent=3448"}],"curies":[{"name":"wp","href":"https:\/\/api.w.org\/{rel}","templated":true}]}}

T-TWO &#8211; Le poêle à accumulation

<p>Après 20 ans et plus de 13’000 exemplaires vendus, le pionier des poêles T- ONE mérite sa retrait. Son successeur, le T-TWO est une nouvelle création élaborée en collaboration avec Wolfram Designe.</p>

Le poêle à accumulation  2.0

Après 20 ans et plus de 13’000 exemplaires vendus, le pionier des poêles T- ONE mérite sa retrait.

<!-- This site is optimized with the Yoast SEO plugin v27.5 - https://yoast.com/product/yoast-seo-wordpress/ -->
<title>T-TWO - Le poêle à accumulation - Tiba AG – Innovative Heizsysteme, Herde und Öfen</title>
<meta name="robots" content="index, follow, max-snippet:-1, max-image-preview:large, max-video-preview:-1" />
<link rel="canonical" href="https://tiba.ch/fr/beitraege/neuheit-der-t-two-speicherofen/" />
<meta property="og:locale" content="fr_FR" />
<meta property="og:type" content="article" />
<meta property="og:title" content="T-TWO - Le poêle à accumulation - Tiba AG – Innovative Heizsysteme, Herde und Öfen" />
<meta property="og:description" content="Après 20 ans et plus de 13’000 exemplaires vendus, le pionier des poêles T- ONE mérite sa retrait. Son successeur, le T-TWO est une nouvelle création élaborée en collaboration avec Wolfram Designe." />
<meta property="og:url" content="https://tiba.ch/fr/beitraege/neuheit-der-t-two-speicherofen/" />
<meta property="og:site_name" content="Tiba AG – Innovative Heizsysteme, Herde und Öfen" />
<meta property="article:modified_time" content="2019-09-04T11:25:18+00:00" />
<meta name="twitter:card" content="summary_large_image" />
<script type="application/ld+json" class="yoast-schema-graph">{"@context":"https:\/\/schema.org","@graph":[{"@type":"WebPage","@id":"https:\/\/tiba.ch\/fr\/beitraege\/neuheit-der-t-two-speicherofen\/","url":"https:\/\/tiba.ch\/fr\/beitraege\/neuheit-der-t-two-speicherofen\/","name":"T-TWO - Le poêle à accumulation - Tiba AG – Innovative Heizsysteme, Herde und Öfen","isPartOf":{"@id":"https:\/\/tiba.ch\/fr\/#website"},"datePublished":"2019-06-26T09:09:14+00:00","dateModified":"2019-09-04T11:25:18+00:00","breadcrumb":{"@id":"https:\/\/tiba.ch\/fr\/beitraege\/neuheit-der-t-two-speicherofen\/#breadcrumb"},"inLanguage":"fr-FR","potentialAction":[{"@type":"ReadAction","target":["https:\/\/tiba.ch\/fr\/beitraege\/neuheit-der-t-two-speicherofen\/"]}]},{"@type":"BreadcrumbList","@id":"https:\/\/tiba.ch\/fr\/beitraege\/neuheit-der-t-two-speicherofen\/#breadcrumb","itemListElement":[{"@type":"ListItem","position":1,"name":"Startseite","item":"https:\/\/tiba.ch\/fr\/"},{"@type":"ListItem","position":2,"name":"T-TWO &#8211; Le poêle à accumulation"}]},{"@type":"WebSite","@id":"https:\/\/tiba.ch\/fr\/#website","url":"https:\/\/tiba.ch\/fr\/","name":"Tiba AG – Innovative Heizsysteme, Herde und Öfen","description":"Wir stehen für kompromisslose Qualität, Innovation und elegantes Design «Made in Switzerland» – seit über 100 Jahren.","potentialAction":[{"@type":"SearchAction","target":{"@type":"EntryPoint","urlTemplate":"https:\/\/tiba.ch\/fr\/?s={search_term_string}"},"query-input":{"@type":"PropertyValueSpecification","valueRequired":true,"valueName":"search_term_string"}}],"inLanguage":"fr-FR"}]}</script>
<!-- / Yoast SEO plugin. -->

T-TWO - Le poêle à accumulation - Tiba AG – Innovative Heizsysteme, Herde und Öfen

Après 20 ans et plus de 13’000 exemplaires vendus, le pionier des poêles T- ONE mérite sa retrait. Son successeur, le T-TWO est une nouvelle création élaborée en collaboration avec Wolfram Designe.

Tiba AG – Innovative Heizsysteme, Herde und Öfen

Wir stehen für kompromisslose Qualität, Innovation und elegantes Design «Made in Switzerland» – seit über 100 Jahren.
